3
Let y = 37782 + -30567. What is the highest common divisor of y and 1755?
195
Let c be (320/(-6))/((-53)/159). Suppose 3*s = 5*g + 147, -5*s - 5*g = -45 - c. Calculate the highest common divisor of s and 968.
44
Suppose -g = -3*g + 30. Let i be 32/36 + 12369/513. Calculate the highest common divisor of g and i.
5
Let o = -472 + 474. Suppose o*r - r = k - 94, 5*k - 461 = -4*r. What is the highest common factor of k and 310?
31
Let q be 0/6 + 1161 + 18/(-6) + 2. Calculate the greatest common divisor of q and 640.
40
Suppose -l - 147 = -2*l - w, -732 = -5*l - 4*w. Let q(s) = -s**3 - 15*s**2 + 23*s + 220. Let u be q(-16). What is the highest common divisor of u and l?
36
Suppose 0 = -6*y + 3*y + 39. Let c(h) = -h**2 + 5*h + 44. Let r be c(y). Let j be r/40 - 41/(-2). Calculate the greatest common divisor of 133 and j.
19
Suppose 7752 = -16269*s + 16303*s. Calculate the greatest common divisor of 32 and s.
4
Let w(y) = 158*y - 797. Let x be w(22). Calculate the greatest common factor of x and 564.
141
Suppose -4*r = 4*x - 1684, 175*r = 173*r - x + 835. Suppose 250 - 802 = -3*g. What is the highest common divisor of r and g?
46
Suppose 0 = 5*q - 2*z - 0*z - 49, 3*q - 24 = 3*z. Suppose 0 = -q*i + 8*i + 132. What is the highest common factor of 8 and i?
4
Let y be (12/8)/((-8)/(-1280)). Calculate the greatest common divisor of 42 and y.
6
Suppose 5*i - 1336 - 959 = -4*h, 0 = -2*i + 4*h + 918. Calculate the greatest common divisor of i and 153.
153
Let b = 9224 + -9169. Calculate the highest common divisor of 4565 and b.
55
Let o = -2093 + 2095. Calculate the greatest common divisor of o and 254.
2
Let t = 123 + -123. Let z be 4 + t/(-4) + 104. Calculate the greatest common factor of 4 and z.
4
Let p be -24 - 7/((-21)/(-9)). Let y be p*(72/(-27) + 3 + -1). Let b = 238 - 76. What is the highest common factor of y and b?
18
Suppose 3*h = -2*f + 89, 0 = -18*h + 14*h - 3*f + 118. What is the highest common divisor of 93 and h?
31
Let s = 17 - 7. Let c be ((34 + -18)/(5/(-1)))/((-14)/350). What is the greatest common divisor of c and s?
10
Let i(u) = 7*u**3 + 2*u**2 - 2*u. Let z be i(1). Let j = 79 + -72. Calculate the highest common divisor of z and j.
7
Let t(k) = -k**2 - 21*k - 70. Let g be t(-4). Let w be g/((-5)/(870/12)). Calculate the highest common factor of 493 and w.
29
Suppose 75 = 3*t - 5*u - 3, t = -2*u + 37. Calculate the highest common divisor of t and 6107.
31
Let v = 3234 + -3009. Calculate the highest common factor of v and 72.
9
Let g = -5 - -11. Let v(a) = -16*a - 38. Let l be v(-4). Suppose 4*m - 10 = l. What is the greatest common divisor of m and g?
3
Suppose -6029 = -2*b - 6047. Let a(y) = 2*y**2 + 16*y - y**2 + y**2 + 13. Let g be a(b). Calculate the highest common factor of g and 31.
31
Suppose -66182 = 9*m - 69224. Calculate the greatest common divisor of m and 468.
26
Let y = -11865 + 16217. What is the highest common factor of 136 and y?
136
Let m be (-6)/(-10)*80/12*6. Suppose m*c = -c + 125. Let u = -2 + 3. What is the greatest common divisor of c and u?
1
Let a = -49 - -79. Suppose a - 24 = 2*n. Calculate the highest common factor of 213 and n.
3
Let g be (6/(-9))/(2/(-6)). Suppose 10*l - 624 = -g*l. Suppose -5*a - 20 = 0, -630 = -6*y + y - 5*a. What is the highest common factor of l and y?
26
Suppose -6*h = -8*h + 8. Let v be (2 - h) + 0 + 1056/16. Calculate the highest common factor of v and 48.
16
Let z = -4927 - -5229. Calculate the highest common divisor of z and 14.
2
Let a be 66/(-110) - 2013/(-5). Suppose -138 - a = -12*j. Calculate the highest common divisor of j and 36.
9
Let c = -84 - -108. Suppose 5 = 5*b, -4*r - 3*b = -6*r + 189. What is the greatest common divisor of c and r?
24
Let p be 4 + (-1 + -56)/(-3). Suppose 32*n - 72 = -3*f + 35*n, -3*f + 73 = -4*n. What is the highest common factor of p and f?
23
Let r(s) = -7*s + 3 + 105*s**2 - 104*s**2 - 7*s + 18*s. Suppose -l + 6 = -0*l. Let x be r(l). What is the highest common factor of 7 and x?
7
Suppose 3*s = -4*a + 499, -s + 6*a = 5*a - 157. Suppose -5*h = -3*h - 14. Calculate the highest common factor of h and s.
7
Let v = 66 + -31. Let m be (35/(770/(-66)))/(6/(-20)). What is the highest common divisor of v and m?
5
Let b be (-5)/(50/(-56))*1*10. Suppose 0*g - 5*g - 3*p = -b, 2*g = -3*p + 17. Suppose 0 = 14*n - g*n - 49. Calculate the greatest common factor of 7 and n.
7
Let g = -17458 + 17643. Let r(m) = 3*m + 5 + m + 4*m. Let f be r(4). What is the highest common divisor of f and g?
37
Let j = 223 - 213. Let k be -4*5/j + 33/3. Calculate the highest common divisor of k and 207.
9
Suppose 13*c = 2*g + 9*c - 6946, -5*c + 3494 = g. Suppose 0 = -15*x + 8*x + g. Calculate the highest common divisor of 142 and x.
71
Let g(o) = -45*o - 118. Let k(i) = -88*i - 237. Let a(q) = -7*g(q) + 4*k(q). Let h be a(-6). Calculate the highest common divisor of 4 and h.
4
Suppose 6*t = 16*t + 3940. Let m = t - -425. Let l(g) = 38*g**2 + g - 4. Let u be l(3). Calculate the highest common divisor of u and m.
31
Suppose 0 = 5*i - 5*l - 35 - 20, 3*l - 37 = -4*i. Calculate the greatest common factor of i and 98.
2
Suppose -28*b + 29689 = 69*b - 61006. What is the highest common divisor of b and 110?
55
Let f = 35 - 28. Let y(i) = f*i**2 - 10 + i - 4*i**2 - 2*i**2 + i**2. Let n be y(-7). Calculate the highest common divisor of 9 and n.
9
Suppose -890 = -3*t - 2*x, -9*t + 925 = -6*t - 5*x. What is the greatest common factor of 24 and t?
12
Suppose l = 12*l - 869. Suppose 1061 = 20*b - l. What is the greatest common divisor of 456 and b?
57
Suppose -o - 187 = 3*l + 193, -3*o - 116 = l. Let c = l - -134. Calculate the highest common factor of c and 39.
3
Let v be ((-611)/39)/((-2)/90). Let n = v + -488. Calculate the highest common factor of 155 and n.
31
Let x be (7 - 6)*(475 + 2 + -2). Let u be (38/5 - 0)/((-10)/(-25)). What is the greatest common factor of u and x?
19
Let p be 20/(-1820)*13*-154. Suppose -5*w + 3*w = -462. Calculate the greatest common divisor of w and p.
11
Let k = -7 - -10. Let i = -427 + 430. Suppose i*n = 5*u - 27, -u + 2*n + 10 = -1. Calculate the highest common factor of u and k.
3
Suppose 57*c + 36*c = 393204. What is the highest common factor of c and 84?
28
Let z = -23795 - -25849. What is the highest common divisor of z and 403?
13
Let b be (-2)/41 - 100884/(-492). Calculate the greatest common factor of 50 and b.
5
Suppose -4*m = 11*m - 225. Let w = 6 + 4. What is the greatest common factor of w and m?
5
Suppose 0 = -5*p - i + 87, -2*p = 33*i - 34*i - 39. What is the highest common divisor of 8649 and p?
9
Suppose 4*m + 649 = -v - 923, 1572 = -4*m + v. Let j = 492 + m. Calculate the highest common divisor of j and 18.
9
Let m(p) = 2*p**2 - 17*p - 63. Let k be m(-5). Suppose 2*s + 29 = 209. Calculate the highest common factor of k and s.
18
Suppose -z - 30*p = -32*p - 6, 4*p - 20 = -2*z. Let m be (-48)/(-27) + (-2)/(-9). Let d be 81/6 - 3/m. What is the greatest common factor of z and d?
4
Suppose -60 = -153*z + 165*z. Let x be (-7)/4*12/3. Let n be (-2)/4*2 - (x + z). What is the greatest common factor of 165 and n?
11
Let y(v) = 25*v - 114. Let l be y(6). Let o = -54 + 138. What is the highest common factor of o and l?
12
Suppose 0 = -44*y + 151*y - 53928. What is the highest common divisor of y and 48?
24
Let j(w) = w**2 + 30*w + 209. Let m be j(-11). Let p be 70/(-560) + (m - (-9)/8). Calculate the greatest common factor of 61 and p.
1
Let w = 17 - 4. Let f = 116510 - 116263. What is the highest common divisor of w and f?
13
Let k(i) = 10*i**3 + 2*i**2 - 8*i + 9. Let g be k(2). Suppose -f = -g - 91. Let o = f - -107. Calculate the highest common divisor of 31 and o.
31
Suppose 229*v - 230*v + 6 = 0, 318 = 3*j + 3*v. Calculate the greatest common divisor of 340 and j.
20
Let c = 428202 - 428154. Suppose 0 = -3*k + 33 + 30. Calculate the greatest common factor of k and c.
3
Suppose -2*o + z - 528 + 2387 = 0, o - 933 = -3*z. Let p be (o/70 + -3)*(-2 + 9). Calculate the highest common divisor of 48 and p.
24
Suppose -45*t = -47*t + 2*a + 1686, -2*a + 4236 = 5*t. What is the greatest common factor of 18 and t?
18
Let o(k) = 3*k**2 - k + 2. Suppose -3*p - 2*l + 0 + 5 = 0, -4*l = 5*p - 11. Let d be o(p). What is the highest common divisor of 3 and d?
3
